{"id":25,"date":"2013-01-02T18:01:55","date_gmt":"2013-01-02T17:01:55","guid":{"rendered":"http:\/\/training-center.hu\/?page_id=25"},"modified":"2013-01-03T09:24:25","modified_gmt":"2013-01-03T08:24:25","slug":"ertekesitoi-kepzesek","status":"publish","type":"page","link":"http:\/\/training-center.hu\/?page_id=25","title":{"rendered":"\u00c9rt\u00e9kes\u00edt\u0151i k\u00e9pz\u00e9sek"},"content":{"rendered":"<p>Minden ipar\u00e1gban megfigyelhet\u0151 a megrendel\u00e9sek visszaes\u00e9se, aminek k\u00f6vetkezm\u00e9nyek\u00e9ppen sok vezet\u0151 \u00fagy \u00e9rzi, \u00fagy tapasztalja, hogy az eddigi \u00e9rt\u00e9kes\u00edt\u00e9si technik\u00e1k valami\u00e9rt nem m\u0171k\u00f6dnek. \u00c9s ez val\u00f3ban \u00edgy van! A hagyom\u00e1nyos m\u00f3dszerek m\u00e1r arra sem elegend\u0151ek, hogy piaci r\u00e9szesed\u00e9s\u00fcnket, bev\u00e9teleinket, \u00e9rt\u00e9kes\u00edt\u00e9si eredm\u00e9nyeinket szinten tartsuk. Amelyik c\u00e9g nem k\u00e9pes v\u00e1ltoztatni, nem k\u00e9pes meg\u00fajulni, jelent\u0151s versenyh\u00e1tr\u00e1nyba ker\u00fcl konkurenseivel szemben. A megold\u00e1s azonban rendelkez\u00e9sre \u00e1ll\u2026<\/p>\n<h2>Akt\u00edv \u00e9rt\u00e9kes\u00edt\u00e9si tr\u00e9ning<\/h2>\n<p>Manaps\u00e1g sajnos minden ipar\u00e1gban megfigyelhet\u0151 a megrendel\u00e9sek visszaes\u00e9se, aminek k\u00f6vetkezm\u00e9nyek\u00e9ppen sok vezet\u0151 \u00fagy \u00e9rzi, hogy az eddigi \u00e9rt\u00e9kes\u00edt\u00e9si technik\u00e1k valami\u00e9rt nem m\u0171k\u00f6dnek. A megold\u00e1s azonban rendelkez\u00e9sre \u00e1ll\u2026 Az akt\u00edv \u00e9rt\u00e9kes\u00edt\u00e9s r\u00f6viden az \u00fcgyfelek rendszeres \u00e9s m\u00f3dszeres megkeres\u00e9se, felkutat\u00e1s\u00e1t jelenti.<\/p>\n<p>A program v\u00e9g\u00e9re a r\u00e9sztvev\u0151k k\u00e9pesek lesznek<\/p>\n<p>Meg\u0151rizni, elnyerni az \u00fcgyfelek bizalm\u00e1t az \u00e9rt\u00e9kes\u00edt\u00e9s sor\u00e1n.<br \/>\nTudatosan felk\u00e9sz\u00fclni \u00e9s helyes m\u00f3dszerekkel, technik\u00e1kkal \u201efel\u00e9p\u00edteni az \u00e9rt\u00e9kes\u00edt\u00e9st\u201d.<br \/>\nLek\u00fczdeni f\u00e9lelmeiket az akt\u00edv \u00e9rt\u00e9kes\u00edt\u00e9ssel kapcsolatban.<br \/>\nLek\u00fczdeni a felmer\u00fcl\u0151 neh\u00e9zs\u00e9geket.<br \/>\nElker\u00fclni a leggyakrabban elk\u00f6vethet\u0151 hib\u00e1kat.<br \/>\nHelyesen megv\u00e1laszolni a legnehezebb ellenvet\u00e9seket is, melyek mindennapi munk\u00e1juk sor\u00e1n felmer\u00fclhetnek.<\/p>\n<h2>Konzultat\u00edv \u00e9rt\u00e9kes\u00edt\u00e9si tr\u00e9ning<\/h2>\n<p><strong>Konzultat\u00edv \u00e9rt\u00e9kes\u00edt\u00e9sr\u0151l akkor besz\u00e9l\u00fcnk, amikor a v\u00e1s\u00e1rl\u00f3nknak van annyi ideje, hogy legal\u00e1bb n\u00e9h\u00e1ny sz\u00f3t v\u00e1ltson az \u00e9rt\u00e9kes\u00edt\u0151vel.<\/strong><\/p>\n<p><strong>A tr\u00e9ning a szem\u00e9lyes kapcsolatra koncentr\u00e1l \u00e9s vezeti v\u00e9gig az \u00e9rt\u00e9kes\u00edt\u0151ket a helyes folyamaton, a bemutatkoz\u00e1st\u00f3l indulva eg\u00e9szen az \u00e9rt\u00e9kes\u00edt\u00e9s lez\u00e1r\u00e1s\u00e1ig, s\u0151t m\u00e9g ezen is t\u00fal, bele\u00e9rtve az ut\u00f3k\u00f6vet\u00e9st is.<\/strong><\/p>\n<p>A program v\u00e9g\u00e9re a r\u00e9sztvev\u0151k k\u00e9pesek lesznek<\/p>\n<ul type=\"disc\">\n<li>helyesen v\u00e9gigvinni az \u00e9rt\u00e9kes\u00edt\u00e9si folyamatot,<\/li>\n<li>meg\u0151rizni, elnyerni az \u00fcgyfelek bizalm\u00e1t az \u00e9rt\u00e9kes\u00edt\u00e9s sor\u00e1n,<\/li>\n<li>tudatosan felk\u00e9sz\u00fclni \u00e9s helyes m\u00f3dszerekkel \u201efel\u00e9p\u00edteni az \u00e9rt\u00e9kes\u00edt\u00e9st\u201d,<\/li>\n<li>felm\u00e9rni az \u00fcgyfelek ig\u00e9nyeit,<\/li>\n<li>elker\u00fclni a leggyakrabban elk\u00f6vethet\u0151 hib\u00e1kat,<\/li>\n<li>helyesen megv\u00e1laszolni a legnehezebb ellenvet\u00e9seket is, melyek a mindennapi munk\u00e1juk sor\u00e1n felmer\u00fclhetnek.<\/li>\n<\/ul>\n","protected":false},"excerpt":{"rendered":"<p>Minden ipar\u00e1gban megfigyelhet\u0151 a megrendel\u00e9sek visszaes\u00e9se, aminek k\u00f6vetkezm\u00e9nyek\u00e9ppen sok vezet\u0151 \u00fagy \u00e9rzi, \u00fagy tapasztalja, hogy az eddigi \u00e9rt\u00e9kes\u00edt\u00e9si technik\u00e1k valami\u00e9rt nem m\u0171k\u00f6dnek. \u00c9s ez val\u00f3ban \u00edgy van! A hagyom\u00e1nyos m\u00f3dszerek m\u00e1r arra sem elegend\u0151ek, hogy piaci r\u00e9szesed\u00e9s\u00fcnket, bev\u00e9teleinket, \u00e9rt\u00e9kes\u00edt\u00e9si eredm\u00e9nyeinket szinten tartsuk. Amelyik c\u00e9g nem k\u00e9pes v\u00e1ltoztatni, nem k\u00e9pes meg\u00fajulni, jelent\u0151s versenyh\u00e1tr\u00e1nyba ker\u00fcl konkurenseivel szemben. [&#8230;]<\/p>\n","protected":false},"author":1,"featured_media":0,"parent":28,"menu_order":0,"comment_status":"closed","ping_status":"closed","template":"","meta":[],"_links":{"self":[{"href":"http:\/\/training-center.hu\/index.php?rest_route=\/wp\/v2\/pages\/25"}],"collection":[{"href":"http:\/\/training-center.hu\/index.php?rest_route=\/wp\/v2\/pages"}],"about":[{"href":"http:\/\/training-center.hu\/index.php?rest_route=\/wp\/v2\/types\/page"}],"author":[{"embeddable":true,"href":"http:\/\/training-center.hu\/index.php?rest_route=\/wp\/v2\/users\/1"}],"replies":[{"embeddable":true,"href":"http:\/\/training-center.hu\/index.php?rest_route=%2Fwp%2Fv2%2Fcomments&post=25"}],"version-history":[{"count":8,"href":"http:\/\/training-center.hu\/index.php?rest_route=\/wp\/v2\/pages\/25\/revisions"}],"predecessor-version":[{"id":132,"href":"http:\/\/training-center.hu\/index.php?rest_route=\/wp\/v2\/pages\/25\/revisions\/132"}],"up":[{"embeddable":true,"href":"http:\/\/training-center.hu\/index.php?rest_route=\/wp\/v2\/pages\/28"}],"wp:attachment":[{"href":"http:\/\/training-center.hu\/index.php?rest_route=%2Fwp%2Fv2%2Fmedia&parent=25"}],"curies":[{"name":"wp","href":"https:\/\/api.w.org\/{rel}","templated":true}]}}